{"id":12,"date":"2023-07-13T16:30:35","date_gmt":"2023-07-13T14:30:35","guid":{"rendered":"https:\/\/cyrild.fr\/?page_id=12"},"modified":"2025-01-13T15:02:26","modified_gmt":"2025-01-13T14:02:26","slug":"qui-suis-je","status":"publish","type":"page","link":"https:\/\/cyrild.fr\/index.php\/qui-suis-je\/","title":{"rendered":"Qui suis-je ?"},"content":{"rendered":"\n<div class=\"wp-block-media-text alignwide is-stacked-on-mobile is-vertically-aligned-top\" style=\"grid-template-columns:20% auto\"><figure class=\"wp-block-media-text__media\"><a href=\"https:\/\/cyrild.fr\/index.php\/cyril-delacour\/img_1035\/\"><img data-recalc-dims=\"1\" loading=\"lazy\" decoding=\"async\" width=\"231\" height=\"300\" src=\"https:\/\/i0.wp.com\/cyrild.fr\/wp-content\/uploads\/2023\/07\/IMG_1035-231x300.jpg?resize=231%2C300&#038;ssl=1\" alt=\"Photo de Cyril Delacour arrivant \u00e0 Santiago (Saint Jacques de Compostelle) d\u00e9but 2020.\" class=\"wp-image-14 size-medium\" srcset=\"https:\/\/i0.wp.com\/cyrild.fr\/wp-content\/uploads\/2023\/07\/IMG_1035.jpg?resize=231%2C300&amp;ssl=1 231w, https:\/\/i0.wp.com\/cyrild.fr\/wp-content\/uploads\/2023\/07\/IMG_1035.jpg?w=385&amp;ssl=1 385w\" sizes=\"auto, (max-width: 231px) 100vw, 231px\" \/><\/a><\/figure><div class=\"wp-block-media-text__content\">\n<p class=\"has-text-align-left\"><strong>Cyril Delacour<\/strong>.<\/p>\n\n\n\n<p class=\"has-text-align-left\">Un homme n\u00e9 \u00e0 Montpellier fin 1974.<\/p>\n\n\n\n<p class=\"has-text-align-left\">Un <strong>chr\u00e9tien<\/strong> ne s&rsquo;en remettant \u00e0 aucun clerg\u00e9 depuis qu&rsquo;un enfant m&rsquo;a dit les yeux dans le vague \u00ab\u00a0<em>le Seigneur est roi<\/em>\u00ab\u00a0.<\/p>\n\n\n\n<p class=\"has-text-align-left\">Un <strong>anarchiste<\/strong> depuis que la justice m&rsquo;a arrach\u00e9 la <a href=\"https:\/\/cyrild.fr\/index.php\/2023\/07\/16\/mila-doudou-en-foret\/\">prunelle des yeux<\/a>, <a href=\"https:\/\/cyrild.fr\/index.php\/2023\/07\/13\/insurrection\/\" data-type=\"URL\" data-id=\"https:\/\/injusticiables.wordpress.com\/2015\/04\/08\/agression-du-depute-socialiste-pascal-terrasse\/\">insurg\u00e9 et condamn\u00e9<\/a>.<\/p>\n\n\n\n<p>J&rsquo;ai travaill\u00e9 pour faire du <a href=\"https:\/\/cyrild.fr\/index.php\/2023\/07\/20\/extraction-de-miel\/\">miel<\/a>, de la cr\u00e8me de marron, et planter des oliviers ces 8 derni\u00e8res ann\u00e9es, et je me suis remis \u00e0 la photographie.<\/p>\n\n\n\n<p>Avant cela j&rsquo;ai surtout \u00e9t\u00e9 photographe, pendant plus de 20 ans.<\/p>\n\n\n\n<p>J&rsquo;ai un peu voyag\u00e9, beaucoup d\u00e9m\u00e9nag\u00e9, et fait quelques p\u00e8lerinages.<\/p>\n\n\n\n<blockquote class=\"wp-block-quote is-layout-flow wp-block-quote-is-layout-flow\">\n<p>La nature de l&rsquo;esprit, profonde pour notre conscience, est vaste par nature.<\/p>\n<\/blockquote>\n\n\n\n<p class=\"is-style-default\">Depuis 2010 j\u2019habite \u00e0 Saint Montan, village m\u00e9di\u00e9val du sud de l\u2019Ard\u00e8che o\u00f9 j\u2019ai mon atelier et ma galerie.<\/p>\n\n\n\n<div class=\"wp-block-jetpack-contact-info\">\n\n\n\n<\/div>\n<\/div><\/div>\n\n\n","protected":false},"excerpt":{"rendered":"","protected":false},"author":1,"featured_media":0,"parent":0,"menu_order":0,"comment_status":"closed","ping_status":"closed","template":"","meta":{"jetpack_post_was_ever_published":false,"footnotes":""},"class_list":["post-12","page","type-page","status-publish","hentry"],"jetpack_likes_enabled":true,"jetpack_sharing_enabled":true,"_links":{"self":[{"href":"https:\/\/cyrild.fr\/index.php\/wp-json\/wp\/v2\/pages\/12","targetHints":{"allow":["GET"]}}],"collection":[{"href":"https:\/\/cyrild.fr\/index.php\/wp-json\/wp\/v2\/pages"}],"about":[{"href":"https:\/\/cyrild.fr\/index.php\/wp-json\/wp\/v2\/types\/page"}],"author":[{"embeddable":true,"href":"https:\/\/cyrild.fr\/index.php\/wp-json\/wp\/v2\/users\/1"}],"replies":[{"embeddable":true,"href":"https:\/\/cyrild.fr\/index.php\/wp-json\/wp\/v2\/comments?post=12"}],"version-history":[{"count":23,"href":"https:\/\/cyrild.fr\/index.php\/wp-json\/wp\/v2\/pages\/12\/revisions"}],"predecessor-version":[{"id":228,"href":"https:\/\/cyrild.fr\/index.php\/wp-json\/wp\/v2\/pages\/12\/revisions\/228"}],"wp:attachment":[{"href":"https:\/\/cyrild.fr\/index.php\/wp-json\/wp\/v2\/media?parent=12"}],"curies":[{"name":"wp","href":"https:\/\/api.w.org\/{rel}","templated":true}]}}